 r?
8
Suppose -12*t + 7*t = -70. Suppose 4*x = s + 3581, 2*x - 17*s = -t*s + 1793. What is the units digit of x?
5
Let g(i) = 21*i + 5. Let j be g(2). Suppose -j*n = -50*n - 84. What is the tens digit of 120*(2/7 + (-6)/n)?
6
Let x(u) = 2*u**2 - 95*u + 85. What is the units digit of x(93)?
8
Let y = -15 + 18. Suppose 0*f - 35 = -4*o + 5*f, 9 = y*o + 2*f. Suppose o*g - g = 4*i - 440, -4*g = -5*i + 549. What is the hundreds digit of i?
1
Let d = -3580 - -7542. What is the hundreds digit of d?
9
Let f(b) = -7*b**3 - 55*b**2 + 7*b + 16. Let a be f(-8). Let o(c) = 14*c + 117. What is the hundreds digit of o(a)?
4
Let g = 45141 - 19257. What is the units digit of g?
4
Let h be (-5645)/15*-1 + 4/6. Let s = 1256 - h. Suppose 2*n = -n + s. What is the units digit of n?
3
Suppose -212*q = -215*q + 42. What is the units digit of q/((-2)/(-1)) - (16 + -15)?
6
Let m(p) = -9*p + 2. Let x be m(-4). Let i be (x*38)/(-4) - 1. Let b = -254 - i. What is the units digit of b?
8
Suppose 0 = 4*d - 5*p + 22, -14 = 3*d - 2*d + 3*p. Let z(j) = -3*j - 20. Let o be z(d). Let q(h) = -h**3 + 3*h**2 + 7*h - 6. What is the units digit of q(o)?
6
Let b(n) = -n**2 + 2*n + 12. Let y be b(4). Suppose -5*l + 2351 = y*x, -8*x = -9*x - 4*l + 574. What is the tens digit of x?
9
Let l = -14 - -29. Suppose -2 = -q, 5*w + 20 = q + 4*q. What is the units digit of (-4 + 65/l)*(w - -251)?
3
Suppose 0*f - 297788 = -4*f. What is the hundreds digit of f?
4
Let v(p) = p**2 - 17*p - 11. Let i be v(18). Let h(o) = -o**2 - 8*o + 17. Let w be h(i). Let b = w - -183. What is the tens digit of b?
9
Suppose -4 = r, 5*h + 3*r + r - 21494 = 0. What is the units digit of h?
2
Let s = 3907 - 4. Suppose 10*q - s = 7*q. Suppose 377 - q = -6*c. What is the hundreds digit of c?
1
Let z(y) = 13*y - 4*y**2 + 1 + 6*y**2 + 15 - 7. What is the tens digit of z(-14)?
1
Suppose -5*j = -g - 109, g + 2*g + 19 = j. Let x be 4/j + 372/132. What is the hundreds digit of -5 - (-15)/x - (-113 - -1)?
1
Let v(m) = m**2 - 30*m + 763. What is the tens digit of v(16)?
3
Suppose i - 5104 = -2*j, -4*j = -5*i - 9*j + 25495. Suppose -14*u - i = -23*u. What is the tens digit of u?
6
Let l = -22 - -27. Suppose -l*y + 909 = -d, -2*y + 4*d + 410 = 32. Suppose -4*a = -y - 159. What is the units digit of a?
5
Suppose 750 = -5*b - 2*w, 4*w - 7*w + 429 = -3*b. Let u = b - -156. Suppose -u*i - 469 = -2173. What is the tens digit of i?
1
Suppose -6*s + 361801 + 117623 = 60*s. What is the hundreds digit of s?
2
Let p(o) = 112666*o - 112663*o - 73 + 383. What is the hundreds digit of p(-12)?
2
Suppose 12*b + 25 = 7*b. Let j(m) = -2*m**2 - 2*m - 4. Let o(g) = 3*g**2 + 5*g + 7. Let r(k) = b*j(k) - 3*o(k). What is the tens digit of r(10)?
4
Suppose 0 = -3*i - 3*a - 675, -4*a + 1312 = -5*i + 169. Let q = 85 - i. What is the units digit of q?
2
Let i(t) = 2657*t - 7461. What is the tens digit of i(22)?
9
Let x(h) = 41*h - 944. What is the units digit of x(26)?
2
Let b(p) = -6*p**2 + 2*p + 2. Let a be b(-1). Let r be 3 - a/(18/21). What is the units digit of ((-42)/(-15))/(2/r)?
4
Let d = -70 - -70. Suppose -2*i + 5*i - 639 = d. What is the units digit of i?
3
Suppose 0 = 75*w - 69*w - 10500. Suppose 2*u + w = 4*l + 106, 3*u = -3*l + 1242. What is the tens digit of l?
1
What is the hundreds digit of 23606000/(-160)*4/(-10)?
0
Let a(u) = -617*u - 2115. What is the tens digit of a(-27)?
4
Let f = -4 + 6. Suppose f*a - 11 = -17. What is the units digit of -4 - a - (0 + -3)?
2
Let k = 27 + -35. Let t be (k/(-4) + 0)/(-1). What is the tens digit of (-145)/t + 1/(-2)?
7
Suppose -70237 - 30863 = -10*b. What is the units digit of b?
0
Suppose 2537227 = 201*w + 239395. What is the hundreds digit of w?
4
Let l(t) = t**3 + 3*t**2 - 11*t. Let c(r) = -r - 5. Let g be c(0). Let s be l(g). Suppose 2*f = s*i - 650, 20 = 6*f - 2*f. What is the hundreds digit of i?
1
Suppose -2*y + 5*s = 552, -3*y - 3*s - 833 = -8*s. Let v = y - -707. What is the hundreds digit of v?
4
Suppose -3*g + 29719 = -5*w, 12*w = -4*g + 7*w + 39707. What is the thousands digit of g?
9
Suppose -2*r - 245182 = -6*g, 34*r = -2*g + 35*r + 81728. What is the tens digit of g?
6
Let g(c) = -6*c**2 + 4*c - 14. Let r(m) = -8*m + 5*m**2 + 6*m**2 - 9 + 36. Let b(k) = 5*g(k) + 3*r(k). What is the units digit of b(6)?
5
Suppose -19*s + 36 = -18*s. Let u(f) = -6*f - s - 32 + 5 + 17. What is the tens digit of u(-19)?
6
Let p(y) = -8*y**3 - 6*y**2 + 29*y + 155. What is the units digit of p(-9)?
0
Let n = 9500 - -882. What is the units digit of n?
2
Let p(j) = j**3 + 3*j**2 - 6*j. Let w(x) = x**2 + 10*x - 6. Let a be w(-11). Let b be p(a). Let k = -58 + b. What is the hundreds digit of k?
1
What is the tens digit of 87417 - 30/15 - 24?
9
Let b = -222 - -226. Suppose 0*t - 4*t - q + 121 = 0, b*q + 38 = 2*t. What is the tens digit of t?
2
Let t(g) = -89*g + 8. Let i = 295 - 296. What is the units digit of t(i)?
7
Let j = 104 + -102. Suppose 1914 = -j*g + 8*g. What is the hundreds digit of g?
3
What is the thousands digit of (-18682)/4*(-10 - -1 - (-31 + 24))?
9
Let x(m) = m**3 + 18*m**2 - 19*m - 20. Let z be x(-19). Let f be z + (1*-10)/(-5). Let a = -6 - f. What is the tens digit of a?
1
What is the thousands digit of (-770128)/(-14) - (-3102)/3619?
5
Let t(i) = -32*i + 170 - 61*i - 177. Let a be t(-2). Suppose 101 = 5*c - a. What is the units digit of c?
6
Let u(y) = 3*y - 15. Let j be u(12). Let h = j + 195. Suppose 4*r + h = 10*r. What is the tens digit of r?
3
Let x = 93182 + -20501. What is the units digit of x?
1
Let u = 5942 + -2731. What is the tens digit of u?
1
Let z = -1066 - -6283. What is the hundreds digit of z?
2
Let w(t) = 2*t**3 - 10*t**2 - 20*t + 5. Let d be w(-6). Let o = -654 - d. What is the units digit of o?
3
Let g be -2*10/((-120)/18). What is the units digit of (-12)/54*(-5136 - g)?
2
Let f(a) be the third derivative of a**6/45 - a**5/60 + a**4/24 + 4*a**3/3 - 15*a**2. Let t(j) be the first derivative of f(j). What is the tens digit of t(2)?
2
Let q(c) = 9928*c - 4032. What is the ten thousands digit of q(5)?
4
What is the thousands digit of 882/(-27)*13/(52/(-1890))?
5
Let i be 5*((-39)/(-15) + (9 - 11)). Suppose -i*d + 528 = -573. What is the units digit of d?
7
Let p(g) = 2276*g**3 + 10*g**2 - 23*g + 1. What is the hundreds digit of p(2)?
2
Let p = -810 - -1539. Suppose -64 = 5*w - p. What is the units digit of w?
3
Suppose 4*r = -4*z + 104908, r - 3330 = 3*z + 22885. What is the ten thousands digit of r?
2
Suppose 0 = 3*n + 2*u + 590, 0 = n - 7*u + 2*u + 208. Let w(h) = 358*h**3 + h - 1. Let a be w(1). Let x = a + n. What is the tens digit of x?
6
Suppose 31*l + 4*y = 28*l - 16, -3*l - y - 4 = 0. Let r be -1 + 2 + 10 - -2. What is the units digit of l - r/(-2)*14?
1
Let g(m) = 22*m - 34. Let h(p) = 22*p - 33. Let j(o) = 5*g(o) - 4*h(o). Let u be (-4 - (-2 - 38)/5) + 2. What is the units digit of j(u)?
4
Let d be ((-30)/20)/(9/(-24)). What is the hundreds digit of d/18 + 41615/45?
9
What is the thousands digit of 10 + (-4 - (4 - 2027))?
2
Let a(u) be the second derivative of 6*u**3 - 69*u**2 + 207*u. What is the tens digit of a(15)?
0
Suppose 4*n = 5*l + 6, 5*l - 35 = -5*n - 5. Suppose n*y = 7*y - 12. Suppose -4*h = 2*r - 46, y*h - 71 = -3*r - 8. What is the tens digit of r?
1
Suppose 0 = -6*g + 5*g - 8. Suppose -3 = 3*t, 2*v + 48 = -t - 73. What is the units digit of 15/v - 794/g?
9
Suppose -4*f + 1 = -o, -4*o = -2*f - f - 9. Suppose 0 = 6*t - t - o*g - 442, -4*t - 2*g + 336 = 0. What is the units digit of t?
6
Let h = 54729 - 15755. What is the units digit of h?
4
Suppose 66*d = 20*d + 61548. What is the tens digit of d?
3
What is the ten thousands digit of 1*(-2)/(-7) + 2 + (-148195)/(-7)?
2
Let l(u) = -3*u + 10. Let g be l(6). Let p be 15/60 - 22/g. Suppose 0 = -p*s + 22 - 7. What is the units digit of s?
5
Let i be (618 - 0) + 22/22. Let q = i - -806. What is the hundreds digit of q?
4
Suppose 0 = -10*p + 164197 + 183363. What is the tens digit of p?
5
Suppose t + 3*t - 37954 = -3*y, 4*t - 2*y - 37964 = 0. Suppose -t = -10*k - 3*k. What is the hundreds digit of k?
7
Suppose -90*s - 13760 = -94*s. Suppose -5*v - 15*g = -20*g - s, -708 = -v + 5*g. What is the units digit of v?
3
Suppose -3*h = 6*h + 225. Let u(o) = -11*o + 55. What is the units digit of u(h)?
0
Let j(p) = 